592?
True
Is 20 a factor of 103120?
True
Is 158 a factor of 4863082?
True
Is 21 a factor of 3702174?
True
Does 50 divide 1185400?
True
Is 150 a factor of 1986300?
True
Is 726411 a multiple of 41?
False
Is 6025515 a multiple of 381?
True
Is 29 a factor of 642073?
False
Does 25 divide 288571?
False
Is 485 a factor of 707615?
True
Is 45 a factor of 3820436?
False
Does 169 divide 15717?
True
Is 25 a factor of 1632963?
False
Is 412 a factor of 233192?
True
Does 222 divide 220446?
True
Is 20 a factor of 12399583?
False
Does 77 divide 321431?
False
Is 3496569 a multiple of 9?
False
Does 430 divide 890530?
True
Does 219 divide 285765?
False
Is 866970 a multiple of 9?
True
Is 24 a factor of 1758679?
False
Is 505249 a multiple of 53?
True
Does 26 divide 223522?
True
Is 52845 a multiple of 65?
True
Is 135 a factor of 16600275?
True
Is 117940 a multiple of 10?
True
Is 51747 a multiple of 47?
True
Is 155168 a multiple of 416?
True
Does 54 divide 186483?
False
Is 1058215 a multiple of 5?
True
Is 2296766 a multiple of 1739?
False
Is 10834560 a multiple of 1368?
True
Does 20 divide 830860?
True
Is 2886007 a multiple of 25?
False
Is 14 a factor of 182516?
False
Does 227 divide 91708?
True
Is 95765 a multiple of 24?
False
Does 200 divide 341938?
False
Is 4072003 a multiple of 396?
False
Is 68 a factor of 674084?
True
Does 556 divide 210166?
False
Does 141 divide 998037?
False
Is 84336 a multiple of 6?
True
Is 125190 a multiple of 195?
True
Does 145 divide 551145?
True
Is 63 a factor of 45612?
True
Is 640260 a multiple of 45?
True
Is 259600 a multiple of 116?
False
Does 208 divide 46384?
True
Does 40 divide 743480?
True
Does 67 divide 354461?
False
Is 37 a factor of 100122?
True
Is 94860 a multiple of 14?
False
Does 61 divide 24970?
False
Does 29 divide 158500?
False
Is 16 a factor of 14000?
True
Is 25 a factor of 316225?
True
Does 137 divide 50761?
False
Is 12 a factor of 3637944?
True
Is 423 a factor of 1471918?
False
Is 104888 a multiple of 4?
True
Is 163 a factor of 7322172?
False
Is 739891 a multiple of 71?
True
Is 21 a factor of 26255208?
True
Does 24 divide 68112?
True
Does 7 divide 209419?
True
Is 6145920 a multiple of 388?
True
Is 147 a factor of 131271?
True
Does 13 divide 131248?
True
Is 5 a factor of 12105?
True
Is 3996408 a multiple of 107?
False
Is 22 a factor of 429968?
True
Is 593897 a multiple of 41?
False
Is 799138 a multiple of 1366?
False
Does 44 divide 279664?
True
Is 36 a factor of 1296?
True
Does 16 divide 116336?
True
Does 12 divide 160596?
True
Does 42 divide 3086083?
False
Does 148 divide 11336208?
True
Is 34 a factor of 4791?
False
Is 456047 a multiple of 430?
False
Does 22 divide 10560?
True
Does 9 divide 45494?
False
Is 5930542 a multiple of 454?
False
Does 9 divide 271287?
True
Is 3572761 a multiple of 14?
False
Is 108075 a multiple of 131?
True
Does 3 divide 149612?
False
Does 190 divide 245051?
False
Is 351 a factor of 569673?
True
Is 127 a factor of 23230625?
False
Is 121 a factor of 364331?
True
Does 13 divide 234351?
True
Does 4 divide 33328?
True
Does 10 divide 93130?
True
Does 13 divide 353879?
False
Does 16 divide 179053?
False
Does 360 divide 10596022?
False
Is 436 a factor of 230470?
False
Does 7 divide 157462?
False
Is 15 a factor of 2340150?
True
Is 108690 a multiple of 15?
True
Does 19 divide 1627102?
False
Does 2049 divide 32267652?
True
Is 9 a factor of 20058?
False
Is 823095 a multiple of 871?
True
Is 678843 a multiple of 9?
True
Is 32636 a multiple of 41?
True
Is 8056384 a multiple of 224?
True
Is 6354 a multiple of 353?
True
Is 48 a factor of 1756944?
True
Is 3162268 a multiple of 177?
False
Does 20 divide 712623?
False
Is 147445 a multiple of 185?
True
Is 2283552 a multiple of 27?
True
Does 95 divide 1054648?
False
Does 10 divide 23900?
True
Does 201 divide 573109?
False
Is 176 a factor of 465520?
True
Does 6 divide 6919746?
True
Is 6 a factor of 115843?
False
Is 289 a factor of 558648?
False
Does 178 divide 4278017?
False
Is 2 a factor of 13079?
False
Is 3 a factor of 21239?
False
Is 11046838 a multiple of 11?
True
Is 1320724 a multiple of 31?
True
Does 148 divide 186184?
True
Does 52 divide 350480?
True
Is 712149 a multiple of 642?
False
Is 48 a factor of 7732800?
True
Is 488589 a multiple of 219?
True
Is 1090 a factor of 3325590?
True
Is 19 a factor of 70110?
True
Does 66 divide 311549?
False
Does 6 divide 73852?
False
Is 387919 a multiple of 97?
False
Is 11 a factor of 230483?
True
Does 720 divide 1010160?
True
Is 2267954 a multiple of 26?
True
Does 204 divide 264805?
False
Is 6663114 a multiple of 489?
True
Is 43 a factor of 29326?
True
Is 315373 a multiple of 29?
False
Is 3 a factor of 1418228?
False
Is 123 a factor of 2807768?
False
Is 37129 a multiple of 15?
False
Is 3480114 a multiple of 134?
True
Does 3 divide 110139?
True
Is 5220014 a multiple of 156?
False
Is 357580 a multiple of 36?
False
Is 5 a factor of 55640?
True
Is 465 a factor of 55335?
True
Is 264290 a multiple of 13?
True
Is 12525 a multiple of 167?
True
Is 4 a factor of 27287?
False
Is 474 a factor of 1149903?
False
Is 16 a factor of 344308?
False
Is 25404 a multiple of 292?
True
Is 2636877 a multiple of 25?
False
Is 272 a factor of 3215312?
True
Is 191 a factor of 70099?
False
Is 366308 a multiple of 536?
False
Does 4 divide 13416?
True
Is 15 a factor of 587821?
False
Is 34 a factor of 381242?
True
Is 155498 a multiple of 6?
False
Does 63 divide 638728?
False
Does 11 divide 81917?
True
Is 115270 a multiple of 109?
False
Is 8016 a multiple of 4?
True
Is 153510 a multiple of 30?
True
Does 58 divide 140650?
True
Is 1681855 a multiple of 1015?
True
Is 48 a factor of 853503?
False
Does 91 divide 100464?
True
Does 233 divide 1063179?
True
Is 37 a factor of 38227?
False
Is 3120343 a multiple of 9?
False
Is 23 a factor of 580901?
False
Is 14801847 a multiple of 522?
False
Is 12661 a multiple of 11?
True
Is 1789839 a multiple of 71?
True
Is 198100 a multiple of 50?
True
Does 3 divide 1751687?
False
Is 2092730 a multiple of 264?
False
Is 8 a factor of 155736?
True
Is 6518931 a multiple of 5?
False
Is 2403261 a multiple of 23?
False
Is 20294 a multiple of 6?
False
Is 207986 a multiple of 4?
False
Is 276 a factor of 375360?
True
Does 1521 divide 6407973?
True
Does 15 divide 12803859?
False
Is 335137 a multiple of 54?
False
Does 212 divide 2922957?
False
Is 114683 a multiple of 12?
False
Is 14 a factor of 246806?
True
Does 145 divide 253790?
False
Does 44 divide 199261?
False
Is 1306970 a multiple of 35?
True
Is 36872 a multiple of 3?
False
Does 18 divide 3668317?
False
Is 218 a factor of 502724?
False
Is 228883 a multiple of 16?
False
Does 204 divide 387847?
False
Does 356 divide 581348?
True
Is 405700 a multiple of 20?
True
Is 7393200 a multiple of 1525?
True
Does 344 divide 3354377?
False
Does 26 divide 460492?
False
Does 3 divide 180499?
False
Does 19 divide 1941638?
False
Does 53 divide 23053940?
True
Is 100 a factor of 3822849?
False
Does 195 divide 4806165?
True
Is 122139 a multiple of 274?
False
Is 296029 a multiple of 389?
True
Is 241062 a multiple of 4?
False
Is 47189 a multiple of 21?
False
Is 23 a factor of 64377?
True
Is 8531249 a multiple of 19?
False
Is 1697487 a multiple of 146?
False
Is 101144 a multiple of 17?
False
Does 350 divide 3003000?
True
Does 38 divide 77031?
False
Is 9 a factor of 137376?
True
Does 604 divide 1242813?
False
Is 87 a factor of 1374815?
False
Does 201 divide 961977?
False
Does 19 divide 189741?
False
Is 8 a factor of 3126368?
True
Is 740357 a multiple of 1141?
False
Does 819 divide 570024?
True
Is 1080768 a multiple of 8?
True
Does 39 divide 1392658?
False
Does 58 divide 204599?
False
Is 831 a factor of 14432596?
False
Is 107 a factor of 789029?
False
Is 74 a factor of 812002?
True
Does 28 divide 35403?
False
Is 419 a factor of 792213?
False
Is 225787 a multiple of 19?
False
Is 32 a factor of 468320?
True
Is 298056 a multiple of 24?
True
Is 6967176 a multiple of 732?
True
Is 371711 a multiple of 34?
False
Is 9555366 a multiple of 16?
False
Is 20 a factor of 74329?
False
Does 37 divide 1009508?
True
Is 1278757 a multiple of 296?
False
Is 41 a factor of 24343?
False
Is 453 a factor of 237251?
False
Does 309 divide 187742?
False
Is 15205196 a multiple of 20?
False
Is 37614 a multiple of 226?
False
Is 222 a facto